{"id":596,"date":"2024-05-05T11:55:38","date_gmt":"2024-05-05T10:55:38","guid":{"rendered":"https:\/\/www.ikmusic.fr\/?page_id=596"},"modified":"2025-06-21T19:03:56","modified_gmt":"2025-06-21T18:03:56","slug":"accueil","status":"publish","type":"page","link":"https:\/\/www.ikmusic.fr\/","title":{"rendered":""},"content":{"rendered":"\n<h1 class=\"wp-block-heading has-text-align-center\">Bienvenue chez IK et Public-Priv\u00e9<\/h1>\n\n\n<div class=\"wp-block-image\">\n<figure class=\"aligncenter size-full is-resized\"><img loading=\"lazy\" decoding=\"async\" width=\"500\" height=\"500\" src=\"https:\/\/www.ikmusic.fr\/wp-content\/uploads\/2025\/06\/Rue-des-Jonquilles.png\" alt=\"\" class=\"wp-image-742\" style=\"width:158px;height:auto\" srcset=\"https:\/\/www.ikmusic.fr\/wp-content\/uploads\/2025\/06\/Rue-des-Jonquilles.png 500w, https:\/\/www.ikmusic.fr\/wp-content\/uploads\/2025\/06\/Rue-des-Jonquilles-300x300.png 300w, https:\/\/www.ikmusic.fr\/wp-content\/uploads\/2025\/06\/Rue-des-Jonquilles-150x150.png 150w, https:\/\/www.ikmusic.fr\/wp-content\/uploads\/2025\/06\/Rue-des-Jonquilles-180x180.png 180w\" sizes=\"auto, (max-width: 500px) 100vw, 500px\" \/><\/figure>\n<\/div>\n\n\n<figure class=\"wp-block-table\"><table class=\"has-fixed-layout\"><tbody><tr><td class=\"has-text-align-center\" data-align=\"center\"><img decoding=\"async\" src=\"https:\/\/www.ikmusic.fr\/wp-content\/uploads\/2025\/06\/Design-sans-titre.png\" alt=\"\"><\/td><td class=\"has-text-align-center\" data-align=\"center\"><img decoding=\"async\" src=\"https:\/\/www.ikmusic.fr\/wp-content\/uploads\/2025\/06\/Design-sans-titre.jpg\" alt=\"\"><\/td><\/tr><tr><td class=\"has-text-align-center\" data-align=\"center\"><strong><a href=\"https:\/\/www.helloasso.com\/associations\/rue-des-jonquilles\/paiements\/album-chance\">Cliquez ici pour commander les 2 premiers albums en format CD<\/a><\/strong><br><\/td><td class=\"has-text-align-center\" data-align=\"center\"><strong>Album \u00e0 para\u00eetre bient\u00f4t !<\/strong><\/td><\/tr><tr><td class=\"has-text-align-center\" data-align=\"center\"><a href=\"https:\/\/www.helloasso.com\/associations\/rue-des-jonquilles\/paiements\/album-chance\"><\/a><\/td><td class=\"has-text-align-center\" data-align=\"center\"><\/td><\/tr><\/tbody><\/table><\/figure>\n\n\n\n<figure class=\"wp-block-table\"><table class=\"has-fixed-layout\"><tbody><tr><td><a href=\"https:\/\/www.instagram.com\/ikmusic.fr\"><img loading=\"lazy\" decoding=\"async\" width=\"70\" height=\"70\" class=\"wp-image-232\" style=\"width: 70px;\" src=\"https:\/\/www.ikmusic.fr\/wp-content\/uploads\/2022\/09\/Instagram_Glyph_Gradient_RGB.png\" alt=\"\" srcset=\"https:\/\/www.ikmusic.fr\/wp-content\/uploads\/2022\/09\/Instagram_Glyph_Gradient_RGB.png 1000w, https:\/\/www.ikmusic.fr\/wp-content\/uploads\/2022\/09\/Instagram_Glyph_Gradient_RGB-300x300.png 300w, https:\/\/www.ikmusic.fr\/wp-content\/uploads\/2022\/09\/Instagram_Glyph_Gradient_RGB-150x150.png 150w, https:\/\/www.ikmusic.fr\/wp-content\/uploads\/2022\/09\/Instagram_Glyph_Gradient_RGB-768x768.png 768w, https:\/\/www.ikmusic.fr\/wp-content\/uploads\/2022\/09\/Instagram_Glyph_Gradient_RGB-600x600.png 600w\" sizes=\"auto, (max-width: 70px) 100vw, 70px\" \/><\/a><\/td><td><a href=\"https:\/\/www.instagram.com\/publicpriveband\/\"><img loading=\"lazy\" decoding=\"async\" width=\"70\" height=\"70\" class=\"wp-image-232\" style=\"width: 70px;\" src=\"https:\/\/www.ikmusic.fr\/wp-content\/uploads\/2022\/09\/Instagram_Glyph_Gradient_RGB.png\" alt=\"\" srcset=\"https:\/\/www.ikmusic.fr\/wp-content\/uploads\/2022\/09\/Instagram_Glyph_Gradient_RGB.png 1000w, https:\/\/www.ikmusic.fr\/wp-content\/uploads\/2022\/09\/Instagram_Glyph_Gradient_RGB-300x300.png 300w, https:\/\/www.ikmusic.fr\/wp-content\/uploads\/2022\/09\/Instagram_Glyph_Gradient_RGB-150x150.png 150w, https:\/\/www.ikmusic.fr\/wp-content\/uploads\/2022\/09\/Instagram_Glyph_Gradient_RGB-768x768.png 768w, https:\/\/www.ikmusic.fr\/wp-content\/uploads\/2022\/09\/Instagram_Glyph_Gradient_RGB-600x600.png 600w\" sizes=\"auto, (max-width: 70px) 100vw, 70px\" \/><\/a><\/td><\/tr><tr><td><a href=\"https:\/\/www.facebook.com\/IKmusic.fr\"><img loading=\"lazy\" decoding=\"async\" width=\"70\" height=\"70\" class=\"wp-image-230\" style=\"width: 70px;\" src=\"https:\/\/www.ikmusic.fr\/wp-content\/uploads\/2022\/09\/f_logo_RGB-Blue_100.png\" alt=\"\" srcset=\"https:\/\/www.ikmusic.fr\/wp-content\/uploads\/2022\/09\/f_logo_RGB-Blue_100.png 217w, https:\/\/www.ikmusic.fr\/wp-content\/uploads\/2022\/09\/f_logo_RGB-Blue_100-150x150.png 150w\" sizes=\"auto, (max-width: 70px) 100vw, 70px\" \/><\/a><\/td><td><a href=\"https:\/\/www.facebook.com\/publicprive\"><img loading=\"lazy\" decoding=\"async\" width=\"70\" height=\"70\" class=\"wp-image-230\" style=\"width: 70px;\" src=\"https:\/\/www.ikmusic.fr\/wp-content\/uploads\/2022\/09\/f_logo_RGB-Blue_100.png\" alt=\"\" srcset=\"https:\/\/www.ikmusic.fr\/wp-content\/uploads\/2022\/09\/f_logo_RGB-Blue_100.png 217w, https:\/\/www.ikmusic.fr\/wp-content\/uploads\/2022\/09\/f_logo_RGB-Blue_100-150x150.png 150w\" sizes=\"auto, (max-width: 70px) 100vw, 70px\" \/><\/a><\/td><\/tr><tr><td><a href=\"https:\/\/open.spotify.com\/intl-fr\/artist\/5L9Te6ET6vz3ZHS0NJ800j?si=cRJOqUa-RCKcDPYL-j_vKQ\"><img loading=\"lazy\" decoding=\"async\" width=\"150\" height=\"155\" class=\"wp-image-763\" style=\"width: 150px;\" src=\"https:\/\/www.ikmusic.fr\/wp-content\/uploads\/2025\/06\/images-1.png\" alt=\"\"><\/a><\/td><td>A venir<\/td><\/tr><tr><td><a href=\"https:\/\/link.deezer.com\/s\/30gjf36WWhg4pbNNz0Tut\"><img loading=\"lazy\" decoding=\"async\" width=\"150\" height=\"176\" class=\"wp-image-765\" style=\"width: 150px;\" src=\"https:\/\/www.ikmusic.fr\/wp-content\/uploads\/2025\/06\/Deezer_Logo.jpg\" alt=\"\"><\/a> <\/td><td>A venir<\/td><\/tr><tr><td><a href=\"https:\/\/youtube.com\/@ikmusicfr?si=2ATggJTY8ob4rfOF\"><img loading=\"lazy\" decoding=\"async\" width=\"150\" height=\"150\" class=\"wp-image-530\" style=\"width: 150px;\" src=\"https:\/\/www.ikmusic.fr\/wp-content\/uploads\/2022\/11\/AE3BAE8C-FC1E-4B53-88D7-289E1AAD798D.png\" alt=\"\" srcset=\"https:\/\/www.ikmusic.fr\/wp-content\/uploads\/2022\/11\/AE3BAE8C-FC1E-4B53-88D7-289E1AAD798D.png 1200w, https:\/\/www.ikmusic.fr\/wp-content\/uploads\/2022\/11\/AE3BAE8C-FC1E-4B53-88D7-289E1AAD798D-300x300.png 300w, https:\/\/www.ikmusic.fr\/wp-content\/uploads\/2022\/11\/AE3BAE8C-FC1E-4B53-88D7-289E1AAD798D-1024x1024.png 1024w, https:\/\/www.ikmusic.fr\/wp-content\/uploads\/2022\/11\/AE3BAE8C-FC1E-4B53-88D7-289E1AAD798D-150x150.png 150w, https:\/\/www.ikmusic.fr\/wp-content\/uploads\/2022\/11\/AE3BAE8C-FC1E-4B53-88D7-289E1AAD798D-768x768.png 768w, https:\/\/www.ikmusic.fr\/wp-content\/uploads\/2022\/11\/AE3BAE8C-FC1E-4B53-88D7-289E1AAD798D-600x600.png 600w\" sizes=\"auto, (max-width: 150px) 100vw, 150px\" \/><\/a><\/td><td><a href=\"https:\/\/youtube.com\/@publicprive3919?si=yVcqCD8ScLELFGIf\"><img loading=\"lazy\" decoding=\"async\" width=\"150\" height=\"150\" class=\"wp-image-530\" style=\"width: 150px;\" src=\"https:\/\/www.ikmusic.fr\/wp-content\/uploads\/2022\/11\/AE3BAE8C-FC1E-4B53-88D7-289E1AAD798D.png\" alt=\"\" srcset=\"https:\/\/www.ikmusic.fr\/wp-content\/uploads\/2022\/11\/AE3BAE8C-FC1E-4B53-88D7-289E1AAD798D.png 1200w, https:\/\/www.ikmusic.fr\/wp-content\/uploads\/2022\/11\/AE3BAE8C-FC1E-4B53-88D7-289E1AAD798D-300x300.png 300w, https:\/\/www.ikmusic.fr\/wp-content\/uploads\/2022\/11\/AE3BAE8C-FC1E-4B53-88D7-289E1AAD798D-1024x1024.png 1024w, https:\/\/www.ikmusic.fr\/wp-content\/uploads\/2022\/11\/AE3BAE8C-FC1E-4B53-88D7-289E1AAD798D-150x150.png 150w, https:\/\/www.ikmusic.fr\/wp-content\/uploads\/2022\/11\/AE3BAE8C-FC1E-4B53-88D7-289E1AAD798D-768x768.png 768w, https:\/\/www.ikmusic.fr\/wp-content\/uploads\/2022\/11\/AE3BAE8C-FC1E-4B53-88D7-289E1AAD798D-600x600.png 600w\" sizes=\"auto, (max-width: 150px) 100vw, 150px\" \/><\/a><\/td><\/tr><\/tbody><\/table><\/figure>\n\n\n\n<div class=\"wp-block-columns is-layout-flex wp-container-core-columns-is-layout-9d6595d7 wp-block-columns-is-layout-flex\">\n<div class=\"wp-block-column is-layout-flow wp-block-column-is-layout-flow\" style=\"flex-basis:100%\"><\/div>\n<\/div>\n\n\n\n<div style=\"height:28px\" aria-hidden=\"true\" class=\"wp-block-spacer\"><\/div>\n\n\n\n<p><\/p>\n\n\n\n<p><\/p>\n","protected":false},"excerpt":{"rendered":"<p>Bienvenue chez IK et Public-Priv\u00e9 Cliquez ici pour commander les 2 premiers albums en format CD Album \u00e0 para\u00eetre bient\u00f4t ! A venir A venir<\/p>\n","protected":false},"author":1,"featured_media":0,"parent":0,"menu_order":0,"comment_status":"closed","ping_status":"closed","template":"","meta":{"footnotes":""},"class_list":["post-596","page","type-page","status-publish","hentry"],"_links":{"self":[{"href":"https:\/\/www.ikmusic.fr\/index.php\/wp-json\/wp\/v2\/pages\/596","targetHints":{"allow":["GET"]}}],"collection":[{"href":"https:\/\/www.ikmusic.fr\/index.php\/wp-json\/wp\/v2\/pages"}],"about":[{"href":"https:\/\/www.ikmusic.fr\/index.php\/wp-json\/wp\/v2\/types\/page"}],"author":[{"embeddable":true,"href":"https:\/\/www.ikmusic.fr\/index.php\/wp-json\/wp\/v2\/users\/1"}],"replies":[{"embeddable":true,"href":"https:\/\/www.ikmusic.fr\/index.php\/wp-json\/wp\/v2\/comments?post=596"}],"version-history":[{"count":54,"href":"https:\/\/www.ikmusic.fr\/index.php\/wp-json\/wp\/v2\/pages\/596\/revisions"}],"predecessor-version":[{"id":777,"href":"https:\/\/www.ikmusic.fr\/index.php\/wp-json\/wp\/v2\/pages\/596\/revisions\/777"}],"wp:attachment":[{"href":"https:\/\/www.ikmusic.fr\/index.php\/wp-json\/wp\/v2\/media?parent=596"}],"curies":[{"name":"wp","href":"https:\/\/api.w.org\/{rel}","templated":true}]}}